{"id":7743,"date":"2022-12-06T14:13:42","date_gmt":"2022-12-06T14:13:42","guid":{"rendered":"https:\/\/vital.ad\/?post_type=product&#038;p=7743"},"modified":"2026-03-17T11:20:12","modified_gmt":"2026-03-17T11:20:12","slug":"bracalet-artesanal-de-fusta-de-bedoll-llis","status":"publish","type":"product","link":"https:\/\/vital.ad\/?product=bracalet-artesanal-de-fusta-de-bedoll-llis","title":{"rendered":"Bra\u00e7alet Vital llis"},"content":{"rendered":"<div id=\"x-legacy-panel-1\" class=\"x-tab-pane description_pane active\" role=\"tabpanel\" aria-hidden=\"false\" aria-labelledby=\"x-legacy-tab-1\" data-x-toggleable=\"x-legacy-tab-1\">\n<p>Des del Mediterrani fins al Cant\u00e0bric s\u2019est\u00e9n la llargu\u00edssima espinada del Pirineu. Aquest conjunt geogr\u00e0fic tingu\u00e9 des de fa segles la seva pr\u00f2pia identitat cultural, agr\u00edcola i espiritual. Andorra, malgrat el seu petit territori, forma part d\u2019aquesta extensa geografia i del seu ric patrimoni.<\/p>\n<p>Amb la voluntat de no perdre la identitat d\u2019aquest petit pa\u00eds neix el projecte VITAL.<\/p>\n<p>Ara VITAL crea el bra\u00e7alet Vital, una pe\u00e7a de fusta tornejada a m\u00e0 amb l&#8217;afegit d&#8217;una escor\u00e7a de bedoll al voltant que extraiem respectuosament dels boscos del Pirineu durant la primavera. Esperem que aquesta nova recreaci\u00f3 -una pe\u00e7a utilit\u00e0ria senzilla i humil- guardi la mem\u00f2ria d\u2019un viure que cada cop sentim m\u00e9s a prop nostre.<\/p>\n<\/div>\n","protected":false},"excerpt":{"rendered":"<p>El bra\u00e7alet Vital \u00e9s una pe\u00e7a de fusta recuperada del Pirineu. Est\u00e0 tornejada a m\u00e0 amb l&#8217;afegit d&#8217;una escor\u00e7a de bedoll que extraiem respectuosament dels boscos del Pirineu durant la primavera.<\/p>\n","protected":false},"featured_media":7757,"template":"","meta":[],"product_brand":[],"product_cat":[72],"product_tag":[],"class_list":{"0":"post-7743","1":"product","2":"type-product","3":"status-publish","4":"has-post-thumbnail","6":"product_cat-moda","7":"product_shipping_class-quantitity","10":"first","11":"instock","12":"sold-individually","13":"shipping-taxable","14":"purchasable","15":"product-type-simple"},"_links":{"self":[{"href":"https:\/\/vital.ad\/index.php?rest_route=\/wp\/v2\/product\/7743","targetHints":{"allow":["GET"]}}],"collection":[{"href":"https:\/\/vital.ad\/index.php?rest_route=\/wp\/v2\/product"}],"about":[{"href":"https:\/\/vital.ad\/index.php?rest_route=\/wp\/v2\/types\/product"}],"wp:featuredmedia":[{"embeddable":true,"href":"https:\/\/vital.ad\/index.php?rest_route=\/wp\/v2\/media\/7757"}],"wp:attachment":[{"href":"https:\/\/vital.ad\/index.php?rest_route=%2Fwp%2Fv2%2Fmedia&parent=7743"}],"wp:term":[{"taxonomy":"product_brand","embeddable":true,"href":"https:\/\/vital.ad\/index.php?rest_route=%2Fwp%2Fv2%2Fproduct_brand&post=7743"},{"taxonomy":"product_cat","embeddable":true,"href":"https:\/\/vital.ad\/index.php?rest_route=%2Fwp%2Fv2%2Fproduct_cat&post=7743"},{"taxonomy":"product_tag","embeddable":true,"href":"https:\/\/vital.ad\/index.php?rest_route=%2Fwp%2Fv2%2Fproduct_tag&post=7743"}],"curies":[{"name":"wp","href":"https:\/\/api.w.org\/{rel}","templated":true}]}}

Braçalet Vital llis

<div id="x-legacy-panel-1" class="x-tab-pane description_pane active" role="tabpanel" aria-hidden="false" aria-labelledby="x-legacy-tab-1" data-x-toggleable="x-legacy-tab-1">
<p>Des del Mediterrani fins al Cantàbric s’estén la llarguíssima espinada del Pirineu. Aquest conjunt geogràfic tingué des de fa segles la seva pròpia identitat cultural, agrícola i espiritual. Andorra, malgrat el seu petit territori, forma part d’aquesta extensa geografia i del seu ric patrimoni.</p>
<p>Amb la voluntat de no perdre la identitat d’aquest petit país neix el projecte VITAL.</p>
<p>Ara VITAL crea el braçalet Vital, una peça de fusta tornejada a mà amb l&#8217;afegit d&#8217;una escorça de bedoll al voltant que extraiem respectuosament dels boscos del Pirineu durant la primavera. Esperem que aquesta nova recreació -una peça utilitària senzilla i humil- guardi la memòria d’un viure que cada cop sentim més a prop nostre.</p>
</div>

<p>El braçalet Vital és una peça de fusta recuperada del Pirineu. Està tornejada a mà amb l&#8217;afegit d&#8217;una escorça de bedoll que extraiem respectuosament dels boscos del Pirineu durant la primavera.</p>
