{"id":7034,"date":"2020-07-22T11:37:43","date_gmt":"2020-07-22T11:37:43","guid":{"rendered":"https:\/\/vital.ad\/?post_type=product&#038;p=7034"},"modified":"2026-03-17T11:02:01","modified_gmt":"2026-03-17T11:02:01","slug":"armilla-dels-pasrtors-dels-andes-llana-dalpaca","status":"publish","type":"product","link":"https:\/\/vital.ad\/?product=armilla-dels-pasrtors-dels-andes-llana-dalpaca","title":{"rendered":"Armilla del pastor"},"content":{"rendered":"<p>L\u2019equip de VITAL despr\u00e9s de tres anys de recerca, a les muntanyes dels Andes, ha recuperat el disseny de les armilles que els pastors dels Andes utilitzen i es teixeixen artesanalment.<\/p>\n<p>Aquesta armilla, com tots els teixits que elabora aquesta comunitat de teixidores, \u00e9s una pe\u00e7a d\u2019alt\u00edssima qualitat per tot el seu proc\u00e9s artesanal. La llana d\u2019alpaca que s\u2019utilitza per teixir aquesta pe\u00e7a prov\u00e9 de les muntanyes d\u2019aquest indret. Les diferents tonalitats que t\u00e9 el teixit s\u00f3n totes naturals, obtingudes per una minuciosa selecci\u00f3 de la llana de diferents alpaques. L&#8217;associaci\u00f3 de teixidores de les 3 alpaquitas de Marcapata s\u00f3n les encarregades de teixir a m\u00e0 l&#8217;armilla.<\/p>\n<p>La fibra d\u2019alpaca \u00e9s filada a m\u00e0 amb el tradicional fus i segons una t\u00e8cnica molt acurada transmesa de generaci\u00f3 en generaci\u00f3. Un cop fet el fil, segons les diferents tonalitats de la fibra de l\u2019alpaca, es comen\u00e7a a teixir\u00a0 d\u2019acord amb el disseny de cada armilla. Enllestit aquest primer pas, la teixidora comen\u00e7a a teixir-lo. En tractar-se d\u2019un proc\u00e9s del tot manual, un Ponxo pot requerir, des de l\u2019inici del fil fins als acabats, m\u00e9s de dos mesos de dedicaci\u00f3, tot realitzat a m\u00e0.<\/p>\n","protected":false},"excerpt":{"rendered":"<p>Aquesta armilla \u00e9s una pe\u00e7a d\u2019alt\u00edssima qualitat per tot el seu proc\u00e9s artesanal. La llana d\u2019alpaca que s\u2019utilitza per teixir aquesta pe\u00e7a prov\u00e9 de les muntanyes de Marcapata. Les diferents tonalitats que t\u00e9 el teixit de l&#8217;armilla s\u00f3n totes naturals, sense cap tenyit.<\/p>\n<p>En tractar-se d\u2019un proc\u00e9s del tot manual, una armilla pot requerir, des de l\u2019inici fins als acabats, m\u00e9s de dos mesos de dedicaci\u00f3, tot fet a m\u00e0.<\/p>\n","protected":false},"featured_media":7043,"template":"","meta":[],"product_brand":[],"product_cat":[72],"product_tag":[],"class_list":{"0":"post-7034","1":"product","2":"type-product","3":"status-publish","4":"has-post-thumbnail","6":"product_cat-moda","7":"product_shipping_class-quantitity","10":"first","11":"instock","12":"shipping-taxable","13":"purchasable","14":"product-type-simple"},"_links":{"self":[{"href":"https:\/\/vital.ad\/index.php?rest_route=\/wp\/v2\/product\/7034","targetHints":{"allow":["GET"]}}],"collection":[{"href":"https:\/\/vital.ad\/index.php?rest_route=\/wp\/v2\/product"}],"about":[{"href":"https:\/\/vital.ad\/index.php?rest_route=\/wp\/v2\/types\/product"}],"wp:featuredmedia":[{"embeddable":true,"href":"https:\/\/vital.ad\/index.php?rest_route=\/wp\/v2\/media\/7043"}],"wp:attachment":[{"href":"https:\/\/vital.ad\/index.php?rest_route=%2Fwp%2Fv2%2Fmedia&parent=7034"}],"wp:term":[{"taxonomy":"product_brand","embeddable":true,"href":"https:\/\/vital.ad\/index.php?rest_route=%2Fwp%2Fv2%2Fproduct_brand&post=7034"},{"taxonomy":"product_cat","embeddable":true,"href":"https:\/\/vital.ad\/index.php?rest_route=%2Fwp%2Fv2%2Fproduct_cat&post=7034"},{"taxonomy":"product_tag","embeddable":true,"href":"https:\/\/vital.ad\/index.php?rest_route=%2Fwp%2Fv2%2Fproduct_tag&post=7034"}],"curies":[{"name":"wp","href":"https:\/\/api.w.org\/{rel}","templated":true}]}}

<p>L’equip de VITAL després de tres anys de recerca, a les muntanyes dels Andes, ha recuperat el disseny de les armilles que els pastors dels Andes utilitzen i es teixeixen artesanalment.</p>
<p>Aquesta armilla, com tots els teixits que elabora aquesta comunitat de teixidores, és una peça d’altíssima qualitat per tot el seu procés artesanal. La llana d’alpaca que s’utilitza per teixir aquesta peça prové de les muntanyes d’aquest indret. Les diferents tonalitats que té el teixit són totes naturals, obtingudes per una minuciosa selecció de la llana de diferents alpaques. L&#8217;associació de teixidores de les 3 alpaquitas de Marcapata són les encarregades de teixir a mà l&#8217;armilla.</p>
<p>La fibra d’alpaca és filada a mà amb el tradicional fus i segons una tècnica molt acurada transmesa de generació en generació. Un cop fet el fil, segons les diferents tonalitats de la fibra de l’alpaca, es comença a teixir  d’acord amb el disseny de cada armilla. Enllestit aquest primer pas, la teixidora comença a teixir-lo. En tractar-se d’un procés del tot manual, un Ponxo pot requerir, des de l’inici del fil fins als acabats, més de dos mesos de dedicació, tot realitzat a mà.</p>

<p>Aquesta armilla és una peça d’altíssima qualitat per tot el seu procés artesanal. La llana d’alpaca que s’utilitza per teixir aquesta peça prové de les muntanyes de Marcapata. Les diferents tonalitats que té el teixit de l&#8217;armilla són totes naturals, sense cap tenyit.</p>
<p>En tractar-se d’un procés del tot manual, una armilla pot requerir, des de l’inici fins als acabats, més de dos mesos de dedicació, tot fet a mà.</p>
