{"id":8352,"date":"2026-03-20T08:07:02","date_gmt":"2026-03-20T08:07:02","guid":{"rendered":"https:\/\/vital.ad\/?page_id=8352"},"modified":"2026-03-21T18:51:03","modified_gmt":"2026-03-21T18:51:03","slug":"artesania-llana-i-telers-ancestrals-del-pirineu-andorra","status":"publish","type":"page","link":"https:\/\/vital.ad\/?page_id=8352","title":{"rendered":"La nostra hist\u00f2ria"},"content":{"rendered":"\n<p>Vital Pirineus va n\u00e9ixer d\u2019una convicci\u00f3 profunda. El seu fundador, Albert Gom\u00e0 Sala, observava com Andorra es venia d\u2019una manera excessivament comercial: com un producte m\u00e9s, sense ofici, sense \u00e0nima i completament deslligada dels valors m\u00e9s ancestrals del Pirineu.<\/p>\n\n\n\n<p>Aquella visi\u00f3 superficial el va impulsar a fundar el projecte amb un objectiu clar: inspirar una manera aut\u00e8ntica, arrelada a la terra, respectuosa amb la tradici\u00f3 i plena de significat.<\/p>\n\n\n\n<p>A Vital Pirineus a trav\u00e9s d&#8217;elaborar objectes; honorem una cultura. Expressem la identitat ancestral dels Pirineus i recuperem els oficis. Sobretot, volem recuperar l\u2019enginy t\u00e8cnic i l\u2019ofici t\u00e8xtil a Andorra, amb la recuperaci\u00f3 d\u2019una producci\u00f3 feta a Andorra amb telers tradicionals que torni a posar en valor el saber fer que gaireb\u00e9 s\u2019havia perdut.<\/p>\n\n\n\n<p>Amb llana 100 % d\u2019ovella Barbarina \u2014ra\u00e7a tradicional andorrana des del segle XIX, tamb\u00e9 coneguda com la \u201crouge du Roussillon\u201d\u2014 prov\u00e9 exclusivament de ramats locals que col\u00b7laborem amb una trentena de fam\u00edlies andorranes i de l\u2019Alt Urgell. Tot el proc\u00e9s, des de la recol\u00b7lecta fins al teixit amb telers i la costura final, es fa al nord de la Pen\u00ednsula i al nostre taller artes\u00e0 i industrial.<\/p>\n\n\n\n<p>D\u2019aquesta llana en neixen peces belles, austeres i responsables: mantes de viatge i de pastor (tapaboques), portamantes de cuir, bosses (sarr\u00f3 i morralet), cortines, coixins, catifes, solucions d\u2019absorci\u00f3 ac\u00fastica i projectes integrals de disseny d\u2019interiors.<\/p>\n\n\n\n<p>A trav\u00e9s d\u2019aquests projectes volem decorar els espais per millorar el benestar de les persones gr\u00e0cies a les qualitats de la llana, creant ambients que transmeten calma, autenticitat i connexi\u00f3.<\/p>\n\n\n\n<p>Vital Pirineus \u00e9s, doncs, un acte de resist\u00e8ncia tranquil\u00b7la. \u00c9s la voluntat de no perdre la identitat d\u2019aquest petit pa\u00eds pirinenc i de tornar a posar en valor all\u00f2 que realment importa: l\u2019ofici manual, la tra\u00e7abilitat completa, el respecte pel territori i la connexi\u00f3 profunda amb una manera de viure que ha perdurat segles. Si busques alguna cosa m\u00e9s que un producte, si vols endur-te a casa un tros de Pirineu amb \u00e0nima i contribuir a recuperar un ofici que forma part de la nostra hist\u00f2ria, ets al lloc correcte. Benvinguts a Vital Pirineus.<\/p>\n\n\n\n<div class=\"wp-block-columns alignfull are-vertically-aligned-center is-layout-flex wp-container-core-columns-is-layout-9d6595d7 wp-block-columns-is-layout-flex\">\n<div class=\"wp-block-column is-vertically-aligned-center is-layout-flow wp-block-column-is-layout-flow\" style=\"flex-basis:100%\">\n<figure class=\"wp-block-gallery has-nested-images columns-default is-cropped wp-block-gallery-1 is-layout-flex wp-block-gallery-is-layout-flex\">\n<figure class=\"wp-block-image size-large\"><img loading=\"lazy\" decoding=\"async\" width=\"683\" height=\"1024\" data-id=\"7771\" src=\"https:\/\/vital.ad\/wp-content\/uploads\/2022\/12\/VITAL_CIVIS_FotoNMontane-27-683x1024.jpg\" alt=\"llana ovella Andorra artesania\" class=\"wp-image-7771\" title=\"llana ovella Andorra artesania\" srcset=\"https:\/\/vital.ad\/wp-content\/uploads\/2022\/12\/VITAL_CIVIS_FotoNMontane-27-683x1024.jpg 683w, https:\/\/vital.ad\/wp-content\/uploads\/2022\/12\/VITAL_CIVIS_FotoNMontane-27-200x300.jpg 200w, https:\/\/vital.ad\/wp-content\/uploads\/2022\/12\/VITAL_CIVIS_FotoNMontane-27-768x1152.jpg 768w, https:\/\/vital.ad\/wp-content\/uploads\/2022\/12\/VITAL_CIVIS_FotoNMontane-27-1024x1536.jpg 1024w, https:\/\/vital.ad\/wp-content\/uploads\/2022\/12\/VITAL_CIVIS_FotoNMontane-27-1365x2048.jpg 1365w, https:\/\/vital.ad\/wp-content\/uploads\/2022\/12\/VITAL_CIVIS_FotoNMontane-27-8x12.jpg 8w, https:\/\/vital.ad\/wp-content\/uploads\/2022\/12\/VITAL_CIVIS_FotoNMontane-27-100x150.jpg 100w, https:\/\/vital.ad\/wp-content\/uploads\/2022\/12\/VITAL_CIVIS_FotoNMontane-27-1184x1776.jpg 1184w, https:\/\/vital.ad\/wp-content\/uploads\/2022\/12\/VITAL_CIVIS_FotoNMontane-27-1320x1980.jpg 1320w, https:\/\/vital.ad\/wp-content\/uploads\/2022\/12\/VITAL_CIVIS_FotoNMontane-27-600x900.jpg 600w, https:\/\/vital.ad\/wp-content\/uploads\/2022\/12\/VITAL_CIVIS_FotoNMontane-27-scaled.jpg 1707w\" sizes=\"auto, (max-width: 683px) 100vw, 683px\" \/><\/figure>\n\n\n\n<figure class=\"wp-block-image size-large\"><img loading=\"lazy\" decoding=\"async\" width=\"2560\" height=\"1764\" data-id=\"267\" src=\"https:\/\/vital.ad\/wp-content\/uploads\/2019\/05\/53-scaled.jpg\" alt=\"llana ovella Andorra artesania\" class=\"wp-image-267\" title=\"llana ovella Andorra artesania\" srcset=\"https:\/\/vital.ad\/wp-content\/uploads\/2019\/05\/53-scaled.jpg 2560w, https:\/\/vital.ad\/wp-content\/uploads\/2019\/05\/53-scaled-600x413.jpg 600w\" sizes=\"auto, (max-width: 2560px) 100vw, 2560px\" \/><\/figure>\n\n\n\n<figure class=\"wp-block-image size-large\"><img loading=\"lazy\" decoding=\"async\" width=\"683\" height=\"1024\" data-id=\"7781\" src=\"https:\/\/vital.ad\/wp-content\/uploads\/2022\/12\/VITAL-xollada-2022.-Foto_NMontane-8-2-683x1024.jpg\" alt=\"llana ovella Andorra artesania\" class=\"wp-image-7781\" title=\"llana ovella Andorra artesania\" srcset=\"https:\/\/vital.ad\/wp-content\/uploads\/2022\/12\/VITAL-xollada-2022.-Foto_NMontane-8-2-683x1024.jpg 683w, https:\/\/vital.ad\/wp-content\/uploads\/2022\/12\/VITAL-xollada-2022.-Foto_NMontane-8-2-200x300.jpg 200w, https:\/\/vital.ad\/wp-content\/uploads\/2022\/12\/VITAL-xollada-2022.-Foto_NMontane-8-2-768x1152.jpg 768w, https:\/\/vital.ad\/wp-content\/uploads\/2022\/12\/VITAL-xollada-2022.-Foto_NMontane-8-2-scaled.jpg 1707w\" sizes=\"auto, (max-width: 683px) 100vw, 683px\" \/><\/figure>\n\n\n\n<figure class=\"wp-block-image size-large\"><img loading=\"lazy\" decoding=\"async\" width=\"683\" height=\"1024\" data-id=\"8251\" src=\"https:\/\/vital.ad\/wp-content\/uploads\/2025\/09\/Vital-Pirineus-Facu-Santana-63-683x1024.jpg\" alt=\"llana ovella Andorra artesania\" class=\"wp-image-8251\" title=\"llana ovella Andorra artesania\" srcset=\"https:\/\/vital.ad\/wp-content\/uploads\/2025\/09\/Vital-Pirineus-Facu-Santana-63-683x1024.jpg 683w, https:\/\/vital.ad\/wp-content\/uploads\/2025\/09\/Vital-Pirineus-Facu-Santana-63-200x300.jpg 200w, https:\/\/vital.ad\/wp-content\/uploads\/2025\/09\/Vital-Pirineus-Facu-Santana-63-768x1152.jpg 768w, https:\/\/vital.ad\/wp-content\/uploads\/2025\/09\/Vital-Pirineus-Facu-Santana-63-1024x1536.jpg 1024w, https:\/\/vital.ad\/wp-content\/uploads\/2025\/09\/Vital-Pirineus-Facu-Santana-63-1366x2048.jpg 1366w, https:\/\/vital.ad\/wp-content\/uploads\/2025\/09\/Vital-Pirineus-Facu-Santana-63-100x150.jpg 100w, https:\/\/vital.ad\/wp-content\/uploads\/2025\/09\/Vital-Pirineus-Facu-Santana-63-1384x2076.jpg 1384w, https:\/\/vital.ad\/wp-content\/uploads\/2025\/09\/Vital-Pirineus-Facu-Santana-63-1320x1980.jpg 1320w, https:\/\/vital.ad\/wp-content\/uploads\/2025\/09\/Vital-Pirineus-Facu-Santana-63-600x900.jpg 600w, https:\/\/vital.ad\/wp-content\/uploads\/2025\/09\/Vital-Pirineus-Facu-Santana-63-scaled.jpg 1707w\" sizes=\"auto, (max-width: 683px) 100vw, 683px\" \/><\/figure>\n\n\n\n<figure class=\"wp-block-image size-large\"><img loading=\"lazy\" decoding=\"async\" width=\"2560\" height=\"1707\" data-id=\"7701\" src=\"https:\/\/vital.ad\/wp-content\/uploads\/2020\/07\/VITAL_CIVIS_FotoNMontane-61-scaled.jpg\" alt=\"llana ovella Andorra artesania\" class=\"wp-image-7701\" title=\"llana ovella Andorra artesania\"><\/figure>\n<\/figure>\n<\/div>\n<\/div>\n","protected":false},"excerpt":{"rendered":"<p>Vital Pirineus va n\u00e9ixer d\u2019una convicci\u00f3 profunda. El seu fundador, Albert Gom\u00e0 Sala, observava com Andorra es venia d\u2019una manera excessivament comercial: com un producte m\u00e9s, sense ofici, sense \u00e0nima i completament deslligada dels valors m\u00e9s ancestrals del Pirineu. Aquella visi\u00f3 superficial el va impulsar a fundar el projecte amb un objectiu clar: inspirar una manera aut\u00e8ntica, arrelada a la &#8230;<\/p>\n","protected":false},"author":1,"featured_media":0,"parent":0,"menu_order":0,"comment_status":"closed","ping_status":"closed","template":"","meta":{"footnotes":""},"class_list":["post-8352","page","type-page","status-publish","hentry","no-post-thumbnail"],"_links":{"self":[{"href":"https:\/\/vital.ad\/index.php?rest_route=\/wp\/v2\/pages\/8352","targetHints":{"allow":["GET"]}}],"collection":[{"href":"https:\/\/vital.ad\/index.php?rest_route=\/wp\/v2\/pages"}],"about":[{"href":"https:\/\/vital.ad\/index.php?rest_route=\/wp\/v2\/types\/page"}],"author":[{"embeddable":true,"href":"https:\/\/vital.ad\/index.php?rest_route=\/wp\/v2\/users\/1"}],"replies":[{"embeddable":true,"href":"https:\/\/vital.ad\/index.php?rest_route=%2Fwp%2Fv2%2Fcomments&post=8352"}],"version-history":[{"count":5,"href":"https:\/\/vital.ad\/index.php?rest_route=\/wp\/v2\/pages\/8352\/revisions"}],"predecessor-version":[{"id":8389,"href":"https:\/\/vital.ad\/index.php?rest_route=\/wp\/v2\/pages\/8352\/revisions\/8389"}],"wp:attachment":[{"href":"https:\/\/vital.ad\/index.php?rest_route=%2Fwp%2Fv2%2Fmedia&parent=8352"}],"curies":[{"name":"wp","href":"https:\/\/api.w.org\/{rel}","templated":true}]}}

La nostra història

<p>Vital Pirineus va néixer d’una convicció profunda. El seu fundador, Albert Gomà Sala, observava com Andorra es venia d’una manera excessivament comercial: com un producte més, sense ofici, sense ànima i completament deslligada dels valors més ancestrals del Pirineu.</p>



<p>Aquella visió superficial el va impulsar a fundar el projecte amb un objectiu clar: inspirar una manera autèntica, arrelada a la terra, respectuosa amb la tradició i plena de significat.</p>



<p>A Vital Pirineus a través d&#8217;elaborar objectes; honorem una cultura. Expressem la identitat ancestral dels Pirineus i recuperem els oficis. Sobretot, volem recuperar l’enginy tècnic i l’ofici tèxtil a Andorra, amb la recuperació d’una producció feta a Andorra amb telers tradicionals que torni a posar en valor el saber fer que gairebé s’havia perdut.</p>



<p>Amb llana 100 % d’ovella Barbarina —raça tradicional andorrana des del segle XIX, també coneguda com la “rouge du Roussillon”— prové exclusivament de ramats locals que col·laborem amb una trentena de famílies andorranes i de l’Alt Urgell. Tot el procés, des de la recol·lecta fins al teixit amb telers i la costura final, es fa al nord de la Península i al nostre taller artesà i industrial.</p>



<p>D’aquesta llana en neixen peces belles, austeres i responsables: mantes de viatge i de pastor (tapaboques), portamantes de cuir, bosses (sarró i morralet), cortines, coixins, catifes, solucions d’absorció acústica i projectes integrals de disseny d’interiors.</p>



<p>A través d’aquests projectes volem decorar els espais per millorar el benestar de les persones gràcies a les qualitats de la llana, creant ambients que transmeten calma, autenticitat i connexió.</p>



<p>Vital Pirineus és, doncs, un acte de resistència tranquil·la. És la voluntat de no perdre la identitat d’aquest petit país pirinenc i de tornar a posar en valor allò que realment importa: l’ofici manual, la traçabilitat completa, el respecte pel territori i la connexió profunda amb una manera de viure que ha perdurat segles. Si busques alguna cosa més que un producte, si vols endur-te a casa un tros de Pirineu amb ànima i contribuir a recuperar un ofici que forma part de la nostra història, ets al lloc correcte. Benvinguts a Vital Pirineus.</p>



<div class="wp-block-columns alignfull are-vertically-aligned-center is-layout-flex wp-container-core-columns-is-layout-9d6595d7 wp-block-columns-is-layout-flex">
<div class="wp-block-column is-vertically-aligned-center is-layout-flow wp-block-column-is-layout-flow" style="flex-basis:100%">
<figure class="wp-block-gallery has-nested-images columns-default is-cropped wp-block-gallery-1 is-layout-flex wp-block-gallery-is-layout-flex">
<figure class="wp-block-image size-large"><img loading="lazy" decoding="async" width="683" height="1024" data-id="7771" src="https://vital.ad/wp-content/uploads/2022/12/VITAL_CIVIS_FotoNMontane-27-683x1024.jpg" alt="llana ovella Andorra artesania" class="wp-image-7771" title="llana ovella Andorra artesania" srcset="https://vital.ad/wp-content/uploads/2022/12/VITAL_CIVIS_FotoNMontane-27-683x1024.jpg 683w, https://vital.ad/wp-content/uploads/2022/12/VITAL_CIVIS_FotoNMontane-27-200x300.jpg 200w, https://vital.ad/wp-content/uploads/2022/12/VITAL_CIVIS_FotoNMontane-27-768x1152.jpg 768w, https://vital.ad/wp-content/uploads/2022/12/VITAL_CIVIS_FotoNMontane-27-1024x1536.jpg 1024w, https://vital.ad/wp-content/uploads/2022/12/VITAL_CIVIS_FotoNMontane-27-1365x2048.jpg 1365w, https://vital.ad/wp-content/uploads/2022/12/VITAL_CIVIS_FotoNMontane-27-8x12.jpg 8w, https://vital.ad/wp-content/uploads/2022/12/VITAL_CIVIS_FotoNMontane-27-100x150.jpg 100w, https://vital.ad/wp-content/uploads/2022/12/VITAL_CIVIS_FotoNMontane-27-1184x1776.jpg 1184w, https://vital.ad/wp-content/uploads/2022/12/VITAL_CIVIS_FotoNMontane-27-1320x1980.jpg 1320w, https://vital.ad/wp-content/uploads/2022/12/VITAL_CIVIS_FotoNMontane-27-600x900.jpg 600w, https://vital.ad/wp-content/uploads/2022/12/VITAL_CIVIS_FotoNMontane-27-scaled.jpg 1707w" sizes="auto, (max-width: 683px) 100vw, 683px" /></figure>



<figure class="wp-block-image size-large"><img loading="lazy" decoding="async" width="2560" height="1764" data-id="267" src="https://vital.ad/wp-content/uploads/2019/05/53-scaled.jpg" alt="llana ovella Andorra artesania" class="wp-image-267" title="llana ovella Andorra artesania" srcset="https://vital.ad/wp-content/uploads/2019/05/53-scaled.jpg 2560w, https://vital.ad/wp-content/uploads/2019/05/53-scaled-600x413.jpg 600w" sizes="auto, (max-width: 2560px) 100vw, 2560px" /></figure>



<figure class="wp-block-image size-large"><img loading="lazy" decoding="async" width="683" height="1024" data-id="7781" src="https://vital.ad/wp-content/uploads/2022/12/VITAL-xollada-2022.-Foto_NMontane-8-2-683x1024.jpg" alt="llana ovella Andorra artesania" class="wp-image-7781" title="llana ovella Andorra artesania" srcset="https://vital.ad/wp-content/uploads/2022/12/VITAL-xollada-2022.-Foto_NMontane-8-2-683x1024.jpg 683w, https://vital.ad/wp-content/uploads/2022/12/VITAL-xollada-2022.-Foto_NMontane-8-2-200x300.jpg 200w, https://vital.ad/wp-content/uploads/2022/12/VITAL-xollada-2022.-Foto_NMontane-8-2-768x1152.jpg 768w, https://vital.ad/wp-content/uploads/2022/12/VITAL-xollada-2022.-Foto_NMontane-8-2-scaled.jpg 1707w" sizes="auto, (max-width: 683px) 100vw, 683px" /></figure>



<figure class="wp-block-image size-large"><img loading="lazy" decoding="async" width="683" height="1024" data-id="8251" src="https://vital.ad/wp-content/uploads/2025/09/Vital-Pirineus-Facu-Santana-63-683x1024.jpg" alt="llana ovella Andorra artesania" class="wp-image-8251" title="llana ovella Andorra artesania" srcset="https://vital.ad/wp-content/uploads/2025/09/Vital-Pirineus-Facu-Santana-63-683x1024.jpg 683w, https://vital.ad/wp-content/uploads/2025/09/Vital-Pirineus-Facu-Santana-63-200x300.jpg 200w, https://vital.ad/wp-content/uploads/2025/09/Vital-Pirineus-Facu-Santana-63-768x1152.jpg 768w, https://vital.ad/wp-content/uploads/2025/09/Vital-Pirineus-Facu-Santana-63-1024x1536.jpg 1024w, https://vital.ad/wp-content/uploads/2025/09/Vital-Pirineus-Facu-Santana-63-1366x2048.jpg 1366w, https://vital.ad/wp-content/uploads/2025/09/Vital-Pirineus-Facu-Santana-63-100x150.jpg 100w, https://vital.ad/wp-content/uploads/2025/09/Vital-Pirineus-Facu-Santana-63-1384x2076.jpg 1384w, https://vital.ad/wp-content/uploads/2025/09/Vital-Pirineus-Facu-Santana-63-1320x1980.jpg 1320w, https://vital.ad/wp-content/uploads/2025/09/Vital-Pirineus-Facu-Santana-63-600x900.jpg 600w, https://vital.ad/wp-content/uploads/2025/09/Vital-Pirineus-Facu-Santana-63-scaled.jpg 1707w" sizes="auto, (max-width: 683px) 100vw, 683px" /></figure>



<figure class="wp-block-image size-large"><img loading="lazy" decoding="async" width="2560" height="1707" data-id="7701" src="https://vital.ad/wp-content/uploads/2020/07/VITAL_CIVIS_FotoNMontane-61-scaled.jpg" alt="llana ovella Andorra artesania" class="wp-image-7701" title="llana ovella Andorra artesania"></figure>
</figure>
</div>
</div>

<p>Vital Pirineus va néixer d’una convicció profunda. El seu fundador, Albert Gomà Sala, observava com Andorra es venia d’una manera excessivament comercial: com un producte més, sense ofici, sense ànima i completament deslligada dels valors més ancestrals del Pirineu. Aquella visió superficial el va impulsar a fundar el projecte amb un objectiu clar: inspirar una manera autèntica, arrelada a la &#8230;</p>
