{"id":8333,"date":"2026-03-17T16:24:47","date_gmt":"2026-03-17T16:24:47","guid":{"rendered":"https:\/\/vital.ad\/?page_id=8333"},"modified":"2026-03-28T07:26:18","modified_gmt":"2026-03-28T07:26:18","slug":"llanaovella-andorra-del-pirineu-artesanal","status":"publish","type":"page","link":"https:\/\/vital.ad\/?page_id=8333","title":{"rendered":"Solucions d&#8217;interior"},"content":{"rendered":"\n<h2 class=\"wp-block-heading\">Els beneficis de la llana als interiors de les llars, hotels i oficines<\/h2>\n\n\n\n<p>La llana \u00e9s una fibra natural, renovable i biodegradable que prov\u00e9 de les ovelles, i s\u2019ha convertit en una opci\u00f3 ideal per a la decoraci\u00f3 i l\u2019a\u00efllament dels interiors dom\u00e8stics. S\u2019utilitza en catifes, tapisseries, cortines, mantes i fins i tot com a a\u00efllant en parets i sostres. A difer\u00e8ncia dels materials sint\u00e8tics, la llana ofereix comoditat, salut i sostenibilitat, creant ambients m\u00e9s acollidors i eficients energ\u00e8ticament. A continuaci\u00f3, descobrim els seus principals avantatges.<\/p>\n\n\n\n<h2 class=\"wp-block-heading\">Cortines de Llana <\/h2>\n\n\n\n<p>Descobreix l\u2019eleg\u00e0ncia i la calidesa aut\u00e8ntica amb les nostres cortines de llana 100 % natural. Fabricades amb llana d\u2019alta qualitat, aquestes cortines ofereixen un tacte suau i acollidor, una caiguda perfecta i una textura rica que aporta car\u00e0cter i luxe a qualsevol estan\u00e7a.<\/p>\n\n\n\n<p>Caracter\u00edstiques principals:<\/p>\n\n\n\n<ul class=\"wp-block-list\">\n<li>Material: Amb Llana 100 % del Pirineu<\/li>\n\n\n\n<li>Color: Crema suau o marr\u00f3, ideal per a interiors clars i c\u00e0lids<\/li>\n\n\n\n<li>Cap\u00e7alera: Disseny ondulat que crea un drapat natural i elegant<\/li>\n\n\n\n<li>Funcionalitat: Excel\u00b7lent a\u00efllament t\u00e8rmic i ac\u00fastic \u2013 protegeix del fred, del soroll i de la llum excessiva<\/li>\n\n\n\n<li>Manteniment: F\u00e0cil de cuidar i duradores en el temps<\/li>\n<\/ul>\n\n\n\n<p>Perfectes per a salons, dormitoris, suites o espais on busques confort, calidesa i un toc de sofisticaci\u00f3 natural. Combinen a la perfecci\u00f3 amb mobles de fusta, teixits naturals o estils minimalistes i escandinaus.<\/p>\n\n\n\n<h2 class=\"wp-block-heading\">Panells Tapissats de Parets en Llana<\/h2>\n\n\n\n<p>Afegeix textura, calidesa i eleg\u00e0ncia a les teves parets amb els nostres panells tapissats de llana 100 % natural. Aquests panells estan revestits amb la mateixa llana premium que les nostres cortines, creant un conjunt harm\u00f2nic i sofisticat que transforma qualsevol habitaci\u00f3 en un espai acollidor i de disseny.Caracter\u00edstiques principals:<\/p>\n\n\n\n<ul class=\"wp-block-list\">\n<li>Material: Amb Llana 100 % del Pirineu<\/li>\n\n\n\n<li>Color: Crema suau i marr\u00f3, perfecte per combinar amb les cortines de la mateixa col\u00b7lecci\u00f3<\/li>\n\n\n\n<li>Disseny: Panells modulars tapissats que es poden col\u00b7locar en diferents formes segons les teves necessitats i amb un disseny de posar i treure.<\/li>\n\n\n\n<li>Funcionalitat: Alta absorci\u00f3 ac\u00fastica i a\u00efllament t\u00e8rmic \u2013 redueixen el ress\u00f2 i mantenen l\u2019habitaci\u00f3 m\u00e9s c\u00e0lida i silenciosa<\/li>\n\n\n\n<li>Instal\u00b7laci\u00f3: F\u00e0cils de muntar sobre qualsevol paret (fusta, guix o ma\u00f3) i duradors en el temps<\/li>\n<\/ul>\n\n\n\n<p>Ideals per a salons, cap\u00e7aleres de llit, despatxos, hotels o restaurants on vulguis aconseguir un ambient c\u00e0lid, modern i ac\u00fasticament confortable. La combinaci\u00f3 perfecta amb les cortines de llana per crear una atmosfera cohesionada i de luxe natural. Crea un espai harmoni\u00f3s i acollidor amb el poder de la llana aut\u00e8ntica.<\/p>\n\n\n\n<div class=\"wp-block-columns is-layout-flex wp-container-core-columns-is-layout-9d6595d7 wp-block-columns-is-layout-flex\">\n<div class=\"wp-block-column is-layout-flow wp-block-column-is-layout-flow\" style=\"flex-basis:100%\">\n<figure class=\"wp-block-gallery has-nested-images columns-default is-cropped wp-block-gallery-1 is-layout-flex wp-block-gallery-is-layout-flex\">\n<figure class=\"wp-block-image size-large\"><img loading=\"lazy\" decoding=\"async\" width=\"1024\" height=\"768\" data-id=\"8409\" src=\"https:\/\/vital.ad\/wp-content\/uploads\/2026\/03\/IMG_20260327_1153231-1024x768.jpg\" alt=\"llana ovella Andorra artesania\" class=\"wp-image-8409\" title=\"llana ovella Andorra artesania\" srcset=\"https:\/\/vital.ad\/wp-content\/uploads\/2026\/03\/IMG_20260327_1153231-1024x768.jpg 1024w, https:\/\/vital.ad\/wp-content\/uploads\/2026\/03\/IMG_20260327_1153231-300x225.jpg 300w, https:\/\/vital.ad\/wp-content\/uploads\/2026\/03\/IMG_20260327_1153231-768x576.jpg 768w, https:\/\/vital.ad\/wp-content\/uploads\/2026\/03\/IMG_20260327_1153231-1536x1152.jpg 1536w, https:\/\/vital.ad\/wp-content\/uploads\/2026\/03\/IMG_20260327_1153231-2048x1536.jpg 2048w, https:\/\/vital.ad\/wp-content\/uploads\/2026\/03\/IMG_20260327_1153231-100x75.jpg 100w, https:\/\/vital.ad\/wp-content\/uploads\/2026\/03\/IMG_20260327_1153231-1384x1038.jpg 1384w, https:\/\/vital.ad\/wp-content\/uploads\/2026\/03\/IMG_20260327_1153231-1320x990.jpg 1320w, https:\/\/vital.ad\/wp-content\/uploads\/2026\/03\/IMG_20260327_1153231-600x450.jpg 600w\" sizes=\"auto, (max-width: 1024px) 100vw, 1024px\" \/><\/figure>\n\n\n\n<figure class=\"wp-block-image size-large\"><img loading=\"lazy\" decoding=\"async\" width=\"1024\" height=\"683\" data-id=\"8413\" src=\"https:\/\/vital.ad\/wp-content\/uploads\/2026\/03\/CESPHOTO-_T4A8972-1024x683.jpg\" alt=\"llana ovella Andorra artesania\" class=\"wp-image-8413\" title=\"llana ovella Andorra artesania\" srcset=\"https:\/\/vital.ad\/wp-content\/uploads\/2026\/03\/CESPHOTO-_T4A8972-1024x683.jpg 1024w, https:\/\/vital.ad\/wp-content\/uploads\/2026\/03\/CESPHOTO-_T4A8972-300x200.jpg 300w, https:\/\/vital.ad\/wp-content\/uploads\/2026\/03\/CESPHOTO-_T4A8972-768x512.jpg 768w, https:\/\/vital.ad\/wp-content\/uploads\/2026\/03\/CESPHOTO-_T4A8972-1536x1024.jpg 1536w, https:\/\/vital.ad\/wp-content\/uploads\/2026\/03\/CESPHOTO-_T4A8972-2048x1365.jpg 2048w, https:\/\/vital.ad\/wp-content\/uploads\/2026\/03\/CESPHOTO-_T4A8972-100x67.jpg 100w, https:\/\/vital.ad\/wp-content\/uploads\/2026\/03\/CESPHOTO-_T4A8972-1384x923.jpg 1384w, https:\/\/vital.ad\/wp-content\/uploads\/2026\/03\/CESPHOTO-_T4A8972-1320x880.jpg 1320w, https:\/\/vital.ad\/wp-content\/uploads\/2026\/03\/CESPHOTO-_T4A8972-600x400.jpg 600w\" sizes=\"auto, (max-width: 1024px) 100vw, 1024px\" \/><\/figure>\n\n\n\n<figure class=\"wp-block-image size-large\"><img loading=\"lazy\" decoding=\"async\" width=\"1024\" height=\"768\" data-id=\"8410\" src=\"https:\/\/vital.ad\/wp-content\/uploads\/2026\/03\/IMG_20260327_1154431-1024x768.jpg\" alt=\"llana ovella Andorra artesania\" class=\"wp-image-8410\" title=\"llana ovella Andorra artesania\" srcset=\"https:\/\/vital.ad\/wp-content\/uploads\/2026\/03\/IMG_20260327_1154431-1024x768.jpg 1024w, https:\/\/vital.ad\/wp-content\/uploads\/2026\/03\/IMG_20260327_1154431-300x225.jpg 300w, https:\/\/vital.ad\/wp-content\/uploads\/2026\/03\/IMG_20260327_1154431-768x576.jpg 768w, https:\/\/vital.ad\/wp-content\/uploads\/2026\/03\/IMG_20260327_1154431-1536x1152.jpg 1536w, https:\/\/vital.ad\/wp-content\/uploads\/2026\/03\/IMG_20260327_1154431-2048x1536.jpg 2048w, https:\/\/vital.ad\/wp-content\/uploads\/2026\/03\/IMG_20260327_1154431-100x75.jpg 100w, https:\/\/vital.ad\/wp-content\/uploads\/2026\/03\/IMG_20260327_1154431-1384x1038.jpg 1384w, https:\/\/vital.ad\/wp-content\/uploads\/2026\/03\/IMG_20260327_1154431-1320x990.jpg 1320w, https:\/\/vital.ad\/wp-content\/uploads\/2026\/03\/IMG_20260327_1154431-600x450.jpg 600w\" sizes=\"auto, (max-width: 1024px) 100vw, 1024px\" \/><\/figure>\n\n\n\n<figure class=\"wp-block-image size-large\"><img loading=\"lazy\" decoding=\"async\" width=\"1024\" height=\"768\" data-id=\"8408\" src=\"https:\/\/vital.ad\/wp-content\/uploads\/2026\/03\/IMG_20260327_1153181-1024x768.jpg\" alt=\"llana ovella Andorra artesania\" class=\"wp-image-8408\" title=\"llana ovella Andorra artesania\" srcset=\"https:\/\/vital.ad\/wp-content\/uploads\/2026\/03\/IMG_20260327_1153181-1024x768.jpg 1024w, https:\/\/vital.ad\/wp-content\/uploads\/2026\/03\/IMG_20260327_1153181-300x225.jpg 300w, https:\/\/vital.ad\/wp-content\/uploads\/2026\/03\/IMG_20260327_1153181-768x576.jpg 768w, https:\/\/vital.ad\/wp-content\/uploads\/2026\/03\/IMG_20260327_1153181-1536x1152.jpg 1536w, https:\/\/vital.ad\/wp-content\/uploads\/2026\/03\/IMG_20260327_1153181-2048x1536.jpg 2048w, https:\/\/vital.ad\/wp-content\/uploads\/2026\/03\/IMG_20260327_1153181-100x75.jpg 100w, https:\/\/vital.ad\/wp-content\/uploads\/2026\/03\/IMG_20260327_1153181-1384x1038.jpg 1384w, https:\/\/vital.ad\/wp-content\/uploads\/2026\/03\/IMG_20260327_1153181-1320x990.jpg 1320w, https:\/\/vital.ad\/wp-content\/uploads\/2026\/03\/IMG_20260327_1153181-600x450.jpg 600w\" sizes=\"auto, (max-width: 1024px) 100vw, 1024px\" \/><\/figure>\n\n\n\n<figure class=\"wp-block-image size-large\"><img loading=\"lazy\" decoding=\"async\" width=\"1024\" height=\"768\" data-id=\"8412\" src=\"https:\/\/vital.ad\/wp-content\/uploads\/2026\/03\/IMG_20260327_1207141-1024x768.jpg\" alt=\"llana ovella Andorra artesania\" class=\"wp-image-8412\" title=\"llana ovella Andorra artesania\" srcset=\"https:\/\/vital.ad\/wp-content\/uploads\/2026\/03\/IMG_20260327_1207141-1024x768.jpg 1024w, https:\/\/vital.ad\/wp-content\/uploads\/2026\/03\/IMG_20260327_1207141-300x225.jpg 300w, https:\/\/vital.ad\/wp-content\/uploads\/2026\/03\/IMG_20260327_1207141-768x576.jpg 768w, https:\/\/vital.ad\/wp-content\/uploads\/2026\/03\/IMG_20260327_1207141-1536x1152.jpg 1536w, https:\/\/vital.ad\/wp-content\/uploads\/2026\/03\/IMG_20260327_1207141-2048x1536.jpg 2048w, https:\/\/vital.ad\/wp-content\/uploads\/2026\/03\/IMG_20260327_1207141-100x75.jpg 100w, https:\/\/vital.ad\/wp-content\/uploads\/2026\/03\/IMG_20260327_1207141-1384x1038.jpg 1384w, https:\/\/vital.ad\/wp-content\/uploads\/2026\/03\/IMG_20260327_1207141-1320x990.jpg 1320w, https:\/\/vital.ad\/wp-content\/uploads\/2026\/03\/IMG_20260327_1207141-600x450.jpg 600w\" sizes=\"auto, (max-width: 1024px) 100vw, 1024px\" \/><\/figure>\n\n\n\n<figure class=\"wp-block-image size-large\"><img loading=\"lazy\" decoding=\"async\" width=\"768\" height=\"1024\" data-id=\"8406\" src=\"https:\/\/vital.ad\/wp-content\/uploads\/2026\/03\/IMG_20260327_1057251-768x1024.jpg\" alt=\"llana ovella Andorra artesania\" class=\"wp-image-8406\" title=\"llana ovella Andorra artesania\" srcset=\"https:\/\/vital.ad\/wp-content\/uploads\/2026\/03\/IMG_20260327_1057251-768x1024.jpg 768w, https:\/\/vital.ad\/wp-content\/uploads\/2026\/03\/IMG_20260327_1057251-225x300.jpg 225w, https:\/\/vital.ad\/wp-content\/uploads\/2026\/03\/IMG_20260327_1057251-1152x1536.jpg 1152w, https:\/\/vital.ad\/wp-content\/uploads\/2026\/03\/IMG_20260327_1057251-1536x2048.jpg 1536w, https:\/\/vital.ad\/wp-content\/uploads\/2026\/03\/IMG_20260327_1057251-100x133.jpg 100w, https:\/\/vital.ad\/wp-content\/uploads\/2026\/03\/IMG_20260327_1057251-1384x1845.jpg 1384w, https:\/\/vital.ad\/wp-content\/uploads\/2026\/03\/IMG_20260327_1057251-1320x1760.jpg 1320w, https:\/\/vital.ad\/wp-content\/uploads\/2026\/03\/IMG_20260327_1057251-600x800.jpg 600w, https:\/\/vital.ad\/wp-content\/uploads\/2026\/03\/IMG_20260327_1057251-scaled.jpg 1920w\" sizes=\"auto, (max-width: 768px) 100vw, 768px\" \/><\/figure>\n\n\n\n<figure class=\"wp-block-image size-large\"><img loading=\"lazy\" decoding=\"async\" width=\"768\" height=\"1024\" data-id=\"8226\" src=\"https:\/\/vital.ad\/wp-content\/uploads\/2025\/05\/1000060189-768x1024.jpg\" alt=\"llana ovella Andorra artesania\" class=\"wp-image-8226\" title=\"llana ovella Andorra artesania\" srcset=\"https:\/\/vital.ad\/wp-content\/uploads\/2025\/05\/1000060189-768x1024.jpg 768w, https:\/\/vital.ad\/wp-content\/uploads\/2025\/05\/1000060189-225x300.jpg 225w, https:\/\/vital.ad\/wp-content\/uploads\/2025\/05\/1000060189-100x133.jpg 100w, https:\/\/vital.ad\/wp-content\/uploads\/2025\/05\/1000060189-600x800.jpg 600w, https:\/\/vital.ad\/wp-content\/uploads\/2025\/05\/1000060189.jpg 960w\" sizes=\"auto, (max-width: 768px) 100vw, 768px\" \/><\/figure>\n\n\n\n<figure class=\"wp-block-image size-large\"><img loading=\"lazy\" decoding=\"async\" width=\"576\" height=\"1024\" data-id=\"7801\" src=\"https:\/\/vital.ad\/wp-content\/uploads\/2022\/12\/20211211_170941-576x1024.jpg\" alt=\"llana ovella Andorra artesania\" class=\"wp-image-7801\" title=\"llana ovella Andorra artesania\" srcset=\"https:\/\/vital.ad\/wp-content\/uploads\/2022\/12\/20211211_170941-576x1024.jpg 576w, https:\/\/vital.ad\/wp-content\/uploads\/2022\/12\/20211211_170941-169x300.jpg 169w, https:\/\/vital.ad\/wp-content\/uploads\/2022\/12\/20211211_170941-768x1365.jpg 768w, https:\/\/vital.ad\/wp-content\/uploads\/2022\/12\/20211211_170941-864x1536.jpg 864w, https:\/\/vital.ad\/wp-content\/uploads\/2022\/12\/20211211_170941-1152x2048.jpg 1152w, https:\/\/vital.ad\/wp-content\/uploads\/2022\/12\/20211211_170941-7x12.jpg 7w, https:\/\/vital.ad\/wp-content\/uploads\/2022\/12\/20211211_170941-100x178.jpg 100w, https:\/\/vital.ad\/wp-content\/uploads\/2022\/12\/20211211_170941-1384x2460.jpg 1384w, https:\/\/vital.ad\/wp-content\/uploads\/2022\/12\/20211211_170941-1320x2347.jpg 1320w, https:\/\/vital.ad\/wp-content\/uploads\/2022\/12\/20211211_170941-600x1067.jpg 600w, https:\/\/vital.ad\/wp-content\/uploads\/2022\/12\/20211211_170941-scaled.jpg 1440w\" sizes=\"auto, (max-width: 576px) 100vw, 576px\" \/><\/figure>\n\n\n\n<figure class=\"wp-block-image size-large\"><img loading=\"lazy\" decoding=\"async\" width=\"768\" height=\"1024\" data-id=\"8227\" src=\"https:\/\/vital.ad\/wp-content\/uploads\/2025\/05\/1000060192-768x1024.jpg\" alt=\"llana ovella Andorra artesania\" class=\"wp-image-8227\" title=\"llana ovella Andorra artesania\" srcset=\"https:\/\/vital.ad\/wp-content\/uploads\/2025\/05\/1000060192-768x1024.jpg 768w, https:\/\/vital.ad\/wp-content\/uploads\/2025\/05\/1000060192-225x300.jpg 225w, https:\/\/vital.ad\/wp-content\/uploads\/2025\/05\/1000060192-100x133.jpg 100w, https:\/\/vital.ad\/wp-content\/uploads\/2025\/05\/1000060192-600x800.jpg 600w, https:\/\/vital.ad\/wp-content\/uploads\/2025\/05\/1000060192.jpg 960w\" sizes=\"auto, (max-width: 768px) 100vw, 768px\" \/><\/figure>\n<\/figure>\n<\/div>\n<\/div>\n\n\n\n<p id=\"tw-target-text\">Els nostres teixits compten amb les seg\u00fcents certificacions:<\/p>\n\n\n\n<p>ENAC_EN 13773:2003 CLASIFICACI\u00d3 COM A CORTINES RESISTENTS AL FOC<\/p>\n\n\n\n<p>UNE 23723:1990, UNE 23725:1990 i UNE 23727:1990 MATERIALS DE CONSTRUCCI\u00d3, REVESTIMENTS, TAPISSERIA<\/p>\n\n\n\n<h2 class=\"wp-block-heading\">Beneficis de la llana<\/h2>\n\n\n\n<h3 class=\"wp-block-heading\">1. Excel\u00b7lent a\u00efllament t\u00e8rmic i regulaci\u00f3 de temperatura<\/h3>\n\n\n\n<p><br>Les fibres de llana atrapen petites bosses d\u2019aire que actuen com a barrera natural contra el fred i la calor. A l\u2019hivern conserva la calor interior i a l\u2019estiu mant\u00e9 la frescor, reduint la necessitat de calefacci\u00f3 o aire condicionat i estalviant energia. Aquest efecte termorregulador fa que les catifes o l\u2019a\u00efllament de llana siguin ideals per a qualsevol estaci\u00f3.<\/p>\n\n\n\n<h3 class=\"wp-block-heading\">2. Regulaci\u00f3 de la humitat i prevenci\u00f3 de floridura<\/h3>\n\n\n\n<p><br>La llana pot absorbir fins a un 30 % del seu pes en humitat sense sentir-se humida i la allibera quan l\u2019ambient s\u2019asseca. Aix\u00f2 evita la condensaci\u00f3, el moho i els problemes de salut associats, millorant el confort en climes humits o secs. \u00c9s especialment valuosa en a\u00efllaments per a bioconstrucci\u00f3.<\/p>\n\n\n\n<h3 class=\"wp-block-heading\">3. A\u00efllament ac\u00fastic natural<\/h3>\n\n\n\n<p><br>Gr\u00e0cies a la seva densitat i estructura fibrosa, la llana absorbeix i redueix el soroll (m\u00e9s de 20 decibels en catifes, per exemple). Crea espais m\u00e9s tranquils i relaxants, perfectes per a sales d\u2019estar, dormitoris o estudis, i millora la qualitat de vida en habitatges urbans sorollosos.<\/p>\n\n\n\n<h3 class=\"wp-block-heading\">4. Resist\u00e8ncia al foc i seguretat<\/h3>\n\n\n\n<p><br>La llana \u00e9s naturalment ign\u00edfuga: cont\u00e9 nitrogen i aigua que fan que la flama s\u2019extingeixi sola sense propagar-se ni desprendre gotes inflamades. No fon com els sint\u00e8tics i augmenta la seguretat en cas d\u2019incendi, ideal per a catifes, cortines o tapisseries.<\/p>\n\n\n\n<h3 class=\"wp-block-heading\">5. Millora de la qualitat de l\u2019aire interior<\/h3>\n\n\n\n<p><br>Absorbeix contaminants com els compostos org\u00e0nics vol\u00e0tils (COV) i no n\u2019emet cap. A m\u00e9s, atrapa pols i al\u00b7l\u00e8rgens sense deixar-los volatilitzar-se (es netegen f\u00e0cilment aspirant). \u00c9s hipoal\u00b7lerg\u00e8nica, resisteix \u00e0cars, floridura i bacteris, i \u00e9s perfecta per a persones amb al\u00b7l\u00e8rgies o problemes respiratoris.<\/p>\n\n\n\n<h3 class=\"wp-block-heading\">6. Durabilitat, confort i est\u00e8tica<\/h3>\n\n\n\n<p><br>\u00c9s el\u00e0stica, resistent al desgast, la qual cosa la fa duradora durant d\u00e8cades. El tacte suau i c\u00e0lid aporta eleg\u00e0ncia i personalitat a qualsevol estil decoratiu, des de r\u00fastic fins a modern. No s\u2019arruga ni s\u2019enfonsa f\u00e0cilment.<\/p>\n\n\n\n<p><\/p>\n\n\n\n<p><\/p>\n\n\n\n<figure class=\"wp-block-gallery has-nested-images columns-default is-cropped wp-block-gallery-2 is-layout-flex wp-block-gallery-is-layout-flex\"><\/figure>\n\n\n\n<p><\/p>\n","protected":false},"excerpt":{"rendered":"<p>Els beneficis de la llana als interiors de les llars, hotels i oficines La llana \u00e9s una fibra natural, renovable i biodegradable que prov\u00e9 de les ovelles, i s\u2019ha convertit en una opci\u00f3 ideal per a la decoraci\u00f3 i l\u2019a\u00efllament dels interiors dom\u00e8stics. S\u2019utilitza en catifes, tapisseries, cortines, mantes i fins i tot com a a\u00efllant en parets i sostres. &#8230;<\/p>\n","protected":false},"author":1,"featured_media":0,"parent":0,"menu_order":0,"comment_status":"closed","ping_status":"closed","template":"","meta":{"footnotes":""},"class_list":["post-8333","page","type-page","status-publish","hentry","no-post-thumbnail"],"_links":{"self":[{"href":"https:\/\/vital.ad\/index.php?rest_route=\/wp\/v2\/pages\/8333","targetHints":{"allow":["GET"]}}],"collection":[{"href":"https:\/\/vital.ad\/index.php?rest_route=\/wp\/v2\/pages"}],"about":[{"href":"https:\/\/vital.ad\/index.php?rest_route=\/wp\/v2\/types\/page"}],"author":[{"embeddable":true,"href":"https:\/\/vital.ad\/index.php?rest_route=\/wp\/v2\/users\/1"}],"replies":[{"embeddable":true,"href":"https:\/\/vital.ad\/index.php?rest_route=%2Fwp%2Fv2%2Fcomments&post=8333"}],"version-history":[{"count":4,"href":"https:\/\/vital.ad\/index.php?rest_route=\/wp\/v2\/pages\/8333\/revisions"}],"predecessor-version":[{"id":8417,"href":"https:\/\/vital.ad\/index.php?rest_route=\/wp\/v2\/pages\/8333\/revisions\/8417"}],"wp:attachment":[{"href":"https:\/\/vital.ad\/index.php?rest_route=%2Fwp%2Fv2%2Fmedia&parent=8333"}],"curies":[{"name":"wp","href":"https:\/\/api.w.org\/{rel}","templated":true}]}}