{"id":7908,"date":"2026-03-12T12:03:05","date_gmt":"2026-03-12T12:03:05","guid":{"rendered":"https:\/\/vital.ad\/?page_id=7908"},"modified":"2026-03-18T13:14:27","modified_gmt":"2026-03-18T13:14:27","slug":"reemborsaments_devolucions","status":"publish","type":"page","link":"https:\/\/vital.ad\/?page_id=7908","title":{"rendered":"Pol\u00edtica de reemborsaments i devolucions"},"content":{"rendered":"\n<h2 class=\"wp-block-heading\">Visi\u00f3 general<\/h2>\n\n\n\n<p>La nostra pol\u00edtica de reemborsaments i devolucions dura de 30 dies. Si han passat 30 dies des de la compra, no podem oferir-vos un reemborsament complet ni un canvi. Per poder optar a una devoluci\u00f3, l&#8217;article ha d&#8217;estar sense usar i en les mateixes condicions en qu\u00e8 el vau rebre. Tamb\u00e9 ha d&#8217;estar en l&#8217;embalatge original. <\/p>\n\n\n\n<h2 class=\"wp-block-heading\">Reemborsaments <\/h2>\n\n\n\n<p>Un cop rebuda i inspeccionada la devoluci\u00f3, us enviarem un correu electr\u00f2nic per notificar-vos que hem rebut l&#8217;article retornat. Tamb\u00e9 us notificarem l&#8217;aprovaci\u00f3 o el rebuig del reemborsament. Si s&#8217;aprova, el reemborsament es processar\u00e0 i s&#8217;aplicar\u00e0 autom\u00e0ticament un cr\u00e8dit a la vostra targeta de cr\u00e8dit o m\u00e8tode de pagament original, en un termini de dies determinats. <\/p>\n\n\n\n<h2 class=\"wp-block-heading\">Reemborsaments tardans o perduts <\/h2>\n\n\n\n<p>Si encara no heu rebut un reemborsament, primer comproveu el vostre compte bancari de nou. A continuaci\u00f3, poseu-vos en contacte amb la vostra companyia de targetes de cr\u00e8dit, ja que pot trigar una estona a registrar-se oficialment el reemborsament. A continuaci\u00f3, poseu-vos en contacte amb el vostre banc. Sovint hi ha un temps de processament abans que es registri un reemborsament. Si ja heu fet tot aix\u00f2 i encara no heu rebut el reemborsament, poseu-vos en contacte amb nosaltres a trav\u00e9s del nostre <a href=\"http:\/\/vital.ad\/contact\">formulari de contacte <\/a><\/p>\n\n\n\n<h2 class=\"wp-block-heading\">Enviament i devolucions <\/h2>\n\n\n\n<p>Per retornar el vostre producte, sereu responsable de pagar les vostres pr\u00f2pies despeses d&#8217;enviament per retornar l&#8217;article. Les despeses d&#8217;enviament no s\u00f3n reemborsables. Si rebeu un reemborsament, el cost de l&#8217;enviament de la devoluci\u00f3 es deduir\u00e0 del vostre reemborsament. Depenent d&#8217;on visqueu, el temps que trigar\u00e0 a arribar-vos el producte canviat pot variar. Si retorneu articles m\u00e9s cars, podeu considerar utilitzar un servei d&#8217;enviament amb seguiment o contractar una asseguran\u00e7a d&#8217;enviament. No garantim que rebem el vostre article retornat. <\/p>\n\n\n\n<h2 class=\"wp-block-heading\">Necessiteu ajuda? <\/h2>\n\n\n\n<p>Poseu-vos en contacte amb nosaltres a trav\u00e9s del nostre <a href=\"http:\/\/vital.ad\/contact\">formulari de contacte<\/a><\/p>\n\n\n\n<p><\/p>\n","protected":false},"excerpt":{"rendered":"<p>Visi\u00f3 general La nostra pol\u00edtica de reemborsaments i devolucions dura de 30 dies. Si han passat 30 dies des de la compra, no podem oferir-vos un reemborsament complet ni un canvi. Per poder optar a una devoluci\u00f3, l&#8217;article ha d&#8217;estar sense usar i en les mateixes condicions en qu\u00e8 el vau rebre. Tamb\u00e9 ha d&#8217;estar en l&#8217;embalatge original. Reemborsaments Un &#8230;<\/p>\n","protected":false},"author":1,"featured_media":0,"parent":0,"menu_order":0,"comment_status":"closed","ping_status":"closed","template":"","meta":{"footnotes":""},"class_list":["post-7908","page","type-page","status-publish","hentry","no-post-thumbnail"],"_links":{"self":[{"href":"https:\/\/vital.ad\/index.php?rest_route=\/wp\/v2\/pages\/7908","targetHints":{"allow":["GET"]}}],"collection":[{"href":"https:\/\/vital.ad\/index.php?rest_route=\/wp\/v2\/pages"}],"about":[{"href":"https:\/\/vital.ad\/index.php?rest_route=\/wp\/v2\/types\/page"}],"author":[{"embeddable":true,"href":"https:\/\/vital.ad\/index.php?rest_route=\/wp\/v2\/users\/1"}],"replies":[{"embeddable":true,"href":"https:\/\/vital.ad\/index.php?rest_route=%2Fwp%2Fv2%2Fcomments&post=7908"}],"version-history":[{"count":2,"href":"https:\/\/vital.ad\/index.php?rest_route=\/wp\/v2\/pages\/7908\/revisions"}],"predecessor-version":[{"id":8351,"href":"https:\/\/vital.ad\/index.php?rest_route=\/wp\/v2\/pages\/7908\/revisions\/8351"}],"wp:attachment":[{"href":"https:\/\/vital.ad\/index.php?rest_route=%2Fwp%2Fv2%2Fmedia&parent=7908"}],"curies":[{"name":"wp","href":"https:\/\/api.w.org\/{rel}","templated":true}]}}