{"id":38,"date":"2019-04-14T08:38:48","date_gmt":"2019-04-14T08:38:48","guid":{"rendered":"http:\/\/vital.ad\/?page_id=38"},"modified":"2026-03-22T07:17:55","modified_gmt":"2026-03-22T07:17:55","slug":"contacte","status":"publish","type":"page","link":"https:\/\/vital.ad\/?page_id=38","title":{"rendered":"Contacte"},"content":{"rendered":"\n<div class=\"wp-block-group\"><div class=\"wp-block-group__inner-container is-layout-constrained wp-block-group-is-layout-constrained\">\n<p>Adre\u00e7a:<\/p>\n\n\n\n<iframe src=\"https:\/\/www.google.com\/maps\/embed?pb=!1m18!1m12!1m3!1d2942.8367916689363!2d1.4891811748833033!3d42.473759727912594!2m3!1f0!2f0!3f0!3m2!1i1024!2i768!4f13.1!3m3!1m2!1s0x12a5f50010ac8bf5%3A0xdb835ee7e7efb2e0!2sVital%20Pirineus%2C%20Borda%20La%20Serradora!5e0!3m2!1sca!2sad!4v1749123561721!5m2!1sca!2sad\" width=\"600\" height=\"450\" style=\"border:0;\" allowfullscreen=\"\" loading=\"lazy\" referrerpolicy=\"no-referrer-when-downgrade\"><\/iframe>\n<\/div><\/div>\n\n\n<div id=\"cs-content\" class=\"cs-content\"><\/div>","protected":false},"excerpt":{"rendered":"<p>Adre\u00e7a: El nom (obligatori) El correu electr\u00f2nic (obligatori) Assumpte El missatge Accepto els termes i condicions de la pol\u00edtica de privacitat. Catal\u00e0El nom (obligatori) El correu electr\u00f2nic (obligatori) Assumpte El missatge Accepto els termes i condicions de la pol\u00edtica de privacitat.<\/p>\n","protected":false},"author":1,"featured_media":0,"parent":0,"menu_order":0,"comment_status":"closed","ping_status":"closed","template":"","meta":{"footnotes":""},"class_list":["post-38","page","type-page","status-publish","hentry","no-post-thumbnail"],"_links":{"self":[{"href":"https:\/\/vital.ad\/index.php?rest_route=\/wp\/v2\/pages\/38","targetHints":{"allow":["GET"]}}],"collection":[{"href":"https:\/\/vital.ad\/index.php?rest_route=\/wp\/v2\/pages"}],"about":[{"href":"https:\/\/vital.ad\/index.php?rest_route=\/wp\/v2\/types\/page"}],"author":[{"embeddable":true,"href":"https:\/\/vital.ad\/index.php?rest_route=\/wp\/v2\/users\/1"}],"replies":[{"embeddable":true,"href":"https:\/\/vital.ad\/index.php?rest_route=%2Fwp%2Fv2%2Fcomments&post=38"}],"version-history":[{"count":4,"href":"https:\/\/vital.ad\/index.php?rest_route=\/wp\/v2\/pages\/38\/revisions"}],"predecessor-version":[{"id":8388,"href":"https:\/\/vital.ad\/index.php?rest_route=\/wp\/v2\/pages\/38\/revisions\/8388"}],"wp:attachment":[{"href":"https:\/\/vital.ad\/index.php?rest_route=%2Fwp%2Fv2%2Fmedia&parent=38"}],"curies":[{"name":"wp","href":"https:\/\/api.w.org\/{rel}","templated":true}]}}