{"id":285,"date":"2019-05-24T09:17:10","date_gmt":"2019-05-24T09:17:10","guid":{"rendered":"http:\/\/vital.ad\/?page_id=285"},"modified":"2026-04-01T10:46:53","modified_gmt":"2026-04-01T10:46:53","slug":"llana100-dovella-dandorra-del-pirineu","status":"publish","type":"page","link":"https:\/\/vital.ad\/?page_id=285","title":{"rendered":"La Barbarina"},"content":{"rendered":"\n<div class=\"wp-block-group\"><div class=\"wp-block-group__inner-container is-layout-constrained wp-block-group-is-layout-constrained\">\n<div class=\"wp-block-columns is-layout-flex wp-container-core-columns-is-layout-9d6595d7 wp-block-columns-is-layout-flex\">\n<div class=\"wp-block-column is-layout-flow wp-block-column-is-layout-flow\" style=\"flex-basis:100%\"><\/div>\n<\/div>\n<\/div><\/div>\n\n\n\n<p class=\"has-text-align-center\">Col\u00b7laborem amb una trentena de fam\u00edlies andorranes i de l&#8217;Alt Urgell que fan l&#8217;esfor\u00e7 de preservar un petit ramat d&#8217;ovelles Barbarina. L&#8217;ovella Barbarina \u00e9s la &#8220;Rouge du Roussillon. Aquesta \u00e9s una ra\u00e7a tradicional a Andorra des del segle XIX. Nom\u00e9s utilitzem i seleccionem ovelles d&#8217;aquesta ra\u00e7a.<\/p>\n\n\n\n<figure class=\"wp-block-gallery has-nested-images columns-default is-cropped wp-block-gallery-1 is-layout-flex wp-block-gallery-is-layout-flex\">\n<figure class=\"wp-block-image size-large\"><img loading=\"lazy\" decoding=\"async\" width=\"1707\" height=\"2560\" data-id=\"7781\" src=\"https:\/\/vital.ad\/wp-content\/uploads\/2022\/12\/VITAL-xollada-2022.-Foto_NMontane-8-2-scaled.jpg\" alt=\"llana ovella Andorra artesania\" class=\"wp-image-7781\" title=\"llana ovella Andorra artesania\" srcset=\"https:\/\/vital.ad\/wp-content\/uploads\/2022\/12\/VITAL-xollada-2022.-Foto_NMontane-8-2-scaled.jpg 1707w, https:\/\/vital.ad\/wp-content\/uploads\/2022\/12\/VITAL-xollada-2022.-Foto_NMontane-8-2-200x300.jpg 200w, https:\/\/vital.ad\/wp-content\/uploads\/2022\/12\/VITAL-xollada-2022.-Foto_NMontane-8-2-683x1024.jpg 683w, https:\/\/vital.ad\/wp-content\/uploads\/2022\/12\/VITAL-xollada-2022.-Foto_NMontane-8-2-768x1152.jpg 768w\" sizes=\"auto, (max-width: 1707px) 100vw, 1707px\" \/><\/figure>\n\n\n\n<figure class=\"wp-block-image size-large\"><img loading=\"lazy\" decoding=\"async\" width=\"2560\" height=\"1707\" data-id=\"7780\" src=\"https:\/\/vital.ad\/wp-content\/uploads\/2022\/12\/VITAL-xollada-2022.-Foto_NMontane-2-2-scaled.jpg\" alt=\"llana ovella Andorra artesania\" class=\"wp-image-7780\" title=\"llana ovella Andorra artesania\" srcset=\"https:\/\/vital.ad\/wp-content\/uploads\/2022\/12\/VITAL-xollada-2022.-Foto_NMontane-2-2-scaled.jpg 2560w, https:\/\/vital.ad\/wp-content\/uploads\/2022\/12\/VITAL-xollada-2022.-Foto_NMontane-2-2-300x200.jpg 300w, https:\/\/vital.ad\/wp-content\/uploads\/2022\/12\/VITAL-xollada-2022.-Foto_NMontane-2-2-1024x683.jpg 1024w, https:\/\/vital.ad\/wp-content\/uploads\/2022\/12\/VITAL-xollada-2022.-Foto_NMontane-2-2-768x512.jpg 768w, https:\/\/vital.ad\/wp-content\/uploads\/2022\/12\/VITAL-xollada-2022.-Foto_NMontane-2-2-1536x1024.jpg 1536w, https:\/\/vital.ad\/wp-content\/uploads\/2022\/12\/VITAL-xollada-2022.-Foto_NMontane-2-2-2048x1365.jpg 2048w\" sizes=\"auto, (max-width: 2560px) 100vw, 2560px\" \/><\/figure>\n\n\n\n<figure class=\"wp-block-image size-large\"><img loading=\"lazy\" decoding=\"async\" width=\"1707\" height=\"2560\" data-id=\"7771\" src=\"https:\/\/vital.ad\/wp-content\/uploads\/2022\/12\/VITAL_CIVIS_FotoNMontane-27-scaled.jpg\" alt=\"llana ovella Andorra artesania\" class=\"wp-image-7771\" title=\"llana ovella Andorra artesania\" srcset=\"https:\/\/vital.ad\/wp-content\/uploads\/2022\/12\/VITAL_CIVIS_FotoNMontane-27-scaled.jpg 1707w, https:\/\/vital.ad\/wp-content\/uploads\/2022\/12\/VITAL_CIVIS_FotoNMontane-27-200x300.jpg 200w, https:\/\/vital.ad\/wp-content\/uploads\/2022\/12\/VITAL_CIVIS_FotoNMontane-27-683x1024.jpg 683w, https:\/\/vital.ad\/wp-content\/uploads\/2022\/12\/VITAL_CIVIS_FotoNMontane-27-768x1152.jpg 768w, https:\/\/vital.ad\/wp-content\/uploads\/2022\/12\/VITAL_CIVIS_FotoNMontane-27-1024x1536.jpg 1024w, https:\/\/vital.ad\/wp-content\/uploads\/2022\/12\/VITAL_CIVIS_FotoNMontane-27-1365x2048.jpg 1365w, https:\/\/vital.ad\/wp-content\/uploads\/2022\/12\/VITAL_CIVIS_FotoNMontane-27-8x12.jpg 8w, https:\/\/vital.ad\/wp-content\/uploads\/2022\/12\/VITAL_CIVIS_FotoNMontane-27-100x150.jpg 100w, https:\/\/vital.ad\/wp-content\/uploads\/2022\/12\/VITAL_CIVIS_FotoNMontane-27-1184x1776.jpg 1184w, https:\/\/vital.ad\/wp-content\/uploads\/2022\/12\/VITAL_CIVIS_FotoNMontane-27-1320x1980.jpg 1320w, https:\/\/vital.ad\/wp-content\/uploads\/2022\/12\/VITAL_CIVIS_FotoNMontane-27-600x900.jpg 600w\" sizes=\"auto, (max-width: 1707px) 100vw, 1707px\" \/><\/figure>\n<\/figure>\n\n\n\n<figure class=\"wp-block-embed is-type-video is-provider-youtube wp-block-embed-youtube wp-embed-aspect-16-9 wp-has-aspect-ratio\"><div class=\"wp-block-embed__wrapper\">\n<div class=\"x-resp-embed x-is-video x-is-youtube\"><iframe loading=\"lazy\" title=\"Xollada ovelles Montaup\" width=\"1384\" height=\"779\" src=\"https:\/\/www.youtube.com\/embed\/aj0i89o69g4?feature=oembed\" frameborder=\"0\" allow=\"accelerometer; autoplay; clipboard-write; encrypted-media; gyroscope; picture-in-picture; web-share\" referrerpolicy=\"strict-origin-when-cross-origin\" allowfullscreen><\/iframe><\/div>\n<\/div><\/figure>\n\n\n\n<figure class=\"wp-block-gallery has-nested-images columns-5 is-cropped wp-block-gallery-2 is-layout-flex wp-block-gallery-is-layout-flex\">\n<figure class=\"wp-block-image size-large\"><img loading=\"lazy\" decoding=\"async\" width=\"2560\" height=\"1707\" data-id=\"263\" src=\"https:\/\/vital.ad\/wp-content\/uploads\/2019\/05\/204-scaled.jpg\" alt=\"llana ovella Andorra artesania\" class=\"wp-image-263\" title=\"llana ovella Andorra artesania\"><\/figure>\n\n\n\n<figure class=\"wp-block-image size-large\"><img loading=\"lazy\" decoding=\"async\" width=\"2560\" height=\"1764\" data-id=\"267\" src=\"https:\/\/vital.ad\/wp-content\/uploads\/2019\/05\/53-scaled.jpg\" alt=\"llana ovella Andorra artesania\" class=\"wp-image-267\" title=\"llana ovella Andorra artesania\" srcset=\"https:\/\/vital.ad\/wp-content\/uploads\/2019\/05\/53-scaled.jpg 2560w, https:\/\/vital.ad\/wp-content\/uploads\/2019\/05\/53-scaled-600x413.jpg 600w\" sizes=\"auto, (max-width: 2560px) 100vw, 2560px\" \/><\/figure>\n\n\n\n<figure class=\"wp-block-image size-large\"><img loading=\"lazy\" decoding=\"async\" width=\"2560\" height=\"1707\" data-id=\"275\" src=\"https:\/\/vital.ad\/wp-content\/uploads\/2019\/05\/103-1-scaled.jpg\" alt=\"llana ovella Andorra artesania\" class=\"wp-image-275\" title=\"llana ovella Andorra artesania\" srcset=\"https:\/\/vital.ad\/wp-content\/uploads\/2019\/05\/103-1-scaled.jpg 2560w, https:\/\/vital.ad\/wp-content\/uploads\/2019\/05\/103-1-scaled-600x400.jpg 600w\" sizes=\"auto, (max-width: 2560px) 100vw, 2560px\" \/><\/figure>\n\n\n\n<figure class=\"wp-block-image size-large\"><img loading=\"lazy\" decoding=\"async\" width=\"828\" height=\"620\" data-id=\"7605\" src=\"https:\/\/vital.ad\/wp-content\/uploads\/2021\/10\/IMG_20211028_230116_440.jpg\" alt=\"llana ovella Andorra artesania\" class=\"wp-image-7605\" title=\"llana ovella Andorra artesania\" srcset=\"https:\/\/vital.ad\/wp-content\/uploads\/2021\/10\/IMG_20211028_230116_440.jpg 828w, https:\/\/vital.ad\/wp-content\/uploads\/2021\/10\/IMG_20211028_230116_440-300x225.jpg 300w, https:\/\/vital.ad\/wp-content\/uploads\/2021\/10\/IMG_20211028_230116_440-768x575.jpg 768w, https:\/\/vital.ad\/wp-content\/uploads\/2021\/10\/IMG_20211028_230116_440-16x12.jpg 16w, https:\/\/vital.ad\/wp-content\/uploads\/2021\/10\/IMG_20211028_230116_440-100x75.jpg 100w, https:\/\/vital.ad\/wp-content\/uploads\/2021\/10\/IMG_20211028_230116_440-600x449.jpg 600w\" sizes=\"auto, (max-width: 828px) 100vw, 828px\" \/><\/figure>\n\n\n\n<figure class=\"wp-block-image size-large\"><img loading=\"lazy\" decoding=\"async\" width=\"828\" height=\"620\" data-id=\"7606\" src=\"https:\/\/vital.ad\/wp-content\/uploads\/2021\/10\/IMG_20211028_230148_153.jpg\" alt=\"llana ovella Andorra artesania\" class=\"wp-image-7606\" title=\"llana ovella Andorra artesania\" srcset=\"https:\/\/vital.ad\/wp-content\/uploads\/2021\/10\/IMG_20211028_230148_153.jpg 828w, https:\/\/vital.ad\/wp-content\/uploads\/2021\/10\/IMG_20211028_230148_153-300x225.jpg 300w, https:\/\/vital.ad\/wp-content\/uploads\/2021\/10\/IMG_20211028_230148_153-768x575.jpg 768w, https:\/\/vital.ad\/wp-content\/uploads\/2021\/10\/IMG_20211028_230148_153-16x12.jpg 16w, https:\/\/vital.ad\/wp-content\/uploads\/2021\/10\/IMG_20211028_230148_153-100x75.jpg 100w, https:\/\/vital.ad\/wp-content\/uploads\/2021\/10\/IMG_20211028_230148_153-600x449.jpg 600w\" sizes=\"auto, (max-width: 828px) 100vw, 828px\" \/><\/figure>\n<\/figure>\n\n\n\n<h2 class=\"wp-block-heading\">La llana d\u2019ovella andorrana<\/h2>\n\n\n\n<p>Segons el registre el departament d\u2019agricultura del Govern d\u2019Andorra (font: www.agricultura.ad) el 2024 hi ha a Andorra 2618 ovelles registrades amb una tend\u00e8ncia hist\u00f2rica a la baixa, des dels m\u00e9s de 5000 caps de bestiar ov\u00ed que hi havia a principis dels anys 90. Les ajudes econ\u00f2miques de Govern per a les ovelles no diferencien per ra\u00e7a, com en el cas de la ra\u00e7a de vaca bruna, per aquest motiu no tenim dades de ra\u00e7a globals. La llana de totes aquestes ovelles suposa aproximadament unes 8 tones de residus anuals. A causa de la selecci\u00f3 de ramats i de races que fem n\u2019aprofitem actualment una quarta part.<\/p>\n\n\n\n<p>A Andorra tenim una ra\u00e7a tradicional d\u2019ovella que composa la major part del padral d\u2019ovelles: la Barbarina. Tamb\u00e9 s\u2019han introdu\u00eft i barrejat en alguns ramats d\u2019ovella d\u2019Andorra, l\u2019ovella xisqueta, la suffolk i la tarasconesa principalment.<\/p>\n\n\n\n<p>Les ovelles a Andorra estan orientades a la producci\u00f3 de carn i al manteniment de finques per netejar prats i a la millora dels prats de dall en algunes zones. La llana de totes aquestes ovelles suposa aproximadament unes 8 tones de residus anuals.<\/p>\n\n\n\n<p>Els ramats d\u2019ovelles tamb\u00e9 juguen un paper clau per a la conservaci\u00f3 de la biodiversitat en espais naturals com als Parcs naturals i a la Vall de del Madriu. Les ovelles milloren amb la seva pres\u00e8ncia la gesti\u00f3 forestal i la biodiversitat. Fins i tot l\u2019empresa d\u2019enginyeria Silvagrina, ha utilitzat les ovelles per refer el terreny de Claror dels estralls dels aiguats que van fer baixar molta argila des de Claror fins a les captacions d\u2019Aigua d\u2019Escaldes. Es tracta d\u2019una nova tecnologia de mitigaci\u00f3 dels impactes de les inundacions. Per tant, les ovelles tenen un paper molt important per al manteniment del paisatge d\u2019Andorra.<\/p>\n\n\n\n<h3 class=\"wp-block-heading\">Caracteritzaci\u00f3 de la llana d\u2019ovella andorrana<\/h3>\n\n\n\n<p>La llana de la barbarina \u00e9s una fibra entrefina d\u2019entre 25 i 30 micres. \u00c9s la llana que seleccionem. \u00c9s una llana que s\u2019enfeltra b\u00e9, el que ens permet donar un millor acabat al teixits i t\u00e9 una bona resist\u00e8ncia i una bona elasticitat i torsi\u00f3. Podem fer mantes, cortines, capes i ponxos. Amb aquesta llana no podem fer productes que toquen directament la pell com Jerseis, barrets o bufandes per qu\u00e8 al ser llanes m\u00e9s gruixudes, piquen a la pell. Per a fer aquests productes necessitar\u00edem llanes m\u00e9s fines, com la Merino, que no existeixen al Principat. La llana de la suffolk \u00e9s llarga i entrefina tamb\u00e9. T\u00e9 m\u00e9s longitud i una finor similar a la llana barbarina. La podem utilitzar barrejada amb la barbarina i ens millora la resist\u00e8ncia i finor del fil.<\/p>\n\n\n\n<p>Nosaltres tamb\u00e9 revisem el benestar animal, la alimentaci\u00f3 i el tracte general dels ramats. En el cas que veiem un ramat amb estr\u00e8s i poc alimentat no agafem la llana per qu\u00e8 aix\u00f2 es reflecteix amb una llana m\u00e9s trencadissa i irregular.<\/p>\n\n\n\n<p><\/p>\n","protected":false},"excerpt":{"rendered":"<p>Col\u00b7laborem amb una trentena de fam\u00edlies andorranes i de l&#8217;Alt Urgell que fan l&#8217;esfor\u00e7 de preservar un petit ramat d&#8217;ovelles Barbarina. L&#8217;ovella Barbarina \u00e9s la &#8220;Rouge du Roussillon. Aquesta \u00e9s una ra\u00e7a tradicional a Andorra des del segle XIX. Nom\u00e9s utilitzem i seleccionem ovelles d&#8217;aquesta ra\u00e7a. La llana d\u2019ovella andorrana Segons el registre el departament d\u2019agricultura del Govern d\u2019Andorra (font: &#8230;<\/p>\n","protected":false},"author":1,"featured_media":0,"parent":0,"menu_order":0,"comment_status":"closed","ping_status":"closed","template":"","meta":{"footnotes":""},"class_list":["post-285","page","type-page","status-publish","hentry","no-post-thumbnail"],"_links":{"self":[{"href":"https:\/\/vital.ad\/index.php?rest_route=\/wp\/v2\/pages\/285","targetHints":{"allow":["GET"]}}],"collection":[{"href":"https:\/\/vital.ad\/index.php?rest_route=\/wp\/v2\/pages"}],"about":[{"href":"https:\/\/vital.ad\/index.php?rest_route=\/wp\/v2\/types\/page"}],"author":[{"embeddable":true,"href":"https:\/\/vital.ad\/index.php?rest_route=\/wp\/v2\/users\/1"}],"replies":[{"embeddable":true,"href":"https:\/\/vital.ad\/index.php?rest_route=%2Fwp%2Fv2%2Fcomments&post=285"}],"version-history":[{"count":18,"href":"https:\/\/vital.ad\/index.php?rest_route=\/wp\/v2\/pages\/285\/revisions"}],"predecessor-version":[{"id":8419,"href":"https:\/\/vital.ad\/index.php?rest_route=\/wp\/v2\/pages\/285\/revisions\/8419"}],"wp:attachment":[{"href":"https:\/\/vital.ad\/index.php?rest_route=%2Fwp%2Fv2%2Fmedia&parent=285"}],"curies":[{"name":"wp","href":"https:\/\/api.w.org\/{rel}","templated":true}]}}

<div class="wp-block-group"><div class="wp-block-group__inner-container is-layout-constrained wp-block-group-is-layout-constrained">
<div class="wp-block-columns is-layout-flex wp-container-core-columns-is-layout-9d6595d7 wp-block-columns-is-layout-flex">
<div class="wp-block-column is-layout-flow wp-block-column-is-layout-flow" style="flex-basis:100%"></div>
</div>
</div></div>



<p class="has-text-align-center">Col·laborem amb una trentena de famílies andorranes i de l&#8217;Alt Urgell que fan l&#8217;esforç de preservar un petit ramat d&#8217;ovelles Barbarina. L&#8217;ovella Barbarina és la &#8220;Rouge du Roussillon. Aquesta és una raça tradicional a Andorra des del segle XIX. Només utilitzem i seleccionem ovelles d&#8217;aquesta raça.</p>



<figure class="wp-block-gallery has-nested-images columns-default is-cropped wp-block-gallery-1 is-layout-flex wp-block-gallery-is-layout-flex">
<figure class="wp-block-image size-large"><img loading="lazy" decoding="async" width="1707" height="2560" data-id="7781" src="https://vital.ad/wp-content/uploads/2022/12/VITAL-xollada-2022.-Foto_NMontane-8-2-scaled.jpg" alt="llana ovella Andorra artesania" class="wp-image-7781" title="llana ovella Andorra artesania" srcset="https://vital.ad/wp-content/uploads/2022/12/VITAL-xollada-2022.-Foto_NMontane-8-2-scaled.jpg 1707w, https://vital.ad/wp-content/uploads/2022/12/VITAL-xollada-2022.-Foto_NMontane-8-2-200x300.jpg 200w, https://vital.ad/wp-content/uploads/2022/12/VITAL-xollada-2022.-Foto_NMontane-8-2-683x1024.jpg 683w, https://vital.ad/wp-content/uploads/2022/12/VITAL-xollada-2022.-Foto_NMontane-8-2-768x1152.jpg 768w" sizes="auto, (max-width: 1707px) 100vw, 1707px" /></figure>



<figure class="wp-block-image size-large"><img loading="lazy" decoding="async" width="2560" height="1707" data-id="7780" src="https://vital.ad/wp-content/uploads/2022/12/VITAL-xollada-2022.-Foto_NMontane-2-2-scaled.jpg" alt="llana ovella Andorra artesania" class="wp-image-7780" title="llana ovella Andorra artesania" srcset="https://vital.ad/wp-content/uploads/2022/12/VITAL-xollada-2022.-Foto_NMontane-2-2-scaled.jpg 2560w, https://vital.ad/wp-content/uploads/2022/12/VITAL-xollada-2022.-Foto_NMontane-2-2-300x200.jpg 300w, https://vital.ad/wp-content/uploads/2022/12/VITAL-xollada-2022.-Foto_NMontane-2-2-1024x683.jpg 1024w, https://vital.ad/wp-content/uploads/2022/12/VITAL-xollada-2022.-Foto_NMontane-2-2-768x512.jpg 768w, https://vital.ad/wp-content/uploads/2022/12/VITAL-xollada-2022.-Foto_NMontane-2-2-1536x1024.jpg 1536w, https://vital.ad/wp-content/uploads/2022/12/VITAL-xollada-2022.-Foto_NMontane-2-2-2048x1365.jpg 2048w" sizes="auto, (max-width: 2560px) 100vw, 2560px" /></figure>



<figure class="wp-block-image size-large"><img loading="lazy" decoding="async" width="1707" height="2560" data-id="7771" src="https://vital.ad/wp-content/uploads/2022/12/VITAL_CIVIS_FotoNMontane-27-scaled.jpg" alt="llana ovella Andorra artesania" class="wp-image-7771" title="llana ovella Andorra artesania" srcset="https://vital.ad/wp-content/uploads/2022/12/VITAL_CIVIS_FotoNMontane-27-scaled.jpg 1707w, https://vital.ad/wp-content/uploads/2022/12/VITAL_CIVIS_FotoNMontane-27-200x300.jpg 200w, https://vital.ad/wp-content/uploads/2022/12/VITAL_CIVIS_FotoNMontane-27-683x1024.jpg 683w, https://vital.ad/wp-content/uploads/2022/12/VITAL_CIVIS_FotoNMontane-27-768x1152.jpg 768w, https://vital.ad/wp-content/uploads/2022/12/VITAL_CIVIS_FotoNMontane-27-1024x1536.jpg 1024w, https://vital.ad/wp-content/uploads/2022/12/VITAL_CIVIS_FotoNMontane-27-1365x2048.jpg 1365w, https://vital.ad/wp-content/uploads/2022/12/VITAL_CIVIS_FotoNMontane-27-8x12.jpg 8w, https://vital.ad/wp-content/uploads/2022/12/VITAL_CIVIS_FotoNMontane-27-100x150.jpg 100w, https://vital.ad/wp-content/uploads/2022/12/VITAL_CIVIS_FotoNMontane-27-1184x1776.jpg 1184w, https://vital.ad/wp-content/uploads/2022/12/VITAL_CIVIS_FotoNMontane-27-1320x1980.jpg 1320w, https://vital.ad/wp-content/uploads/2022/12/VITAL_CIVIS_FotoNMontane-27-600x900.jpg 600w" sizes="auto, (max-width: 1707px) 100vw, 1707px" /></figure>
</figure>



<figure class="wp-block-embed is-type-video is-provider-youtube wp-block-embed-youtube wp-embed-aspect-16-9 wp-has-aspect-ratio"><div class="wp-block-embed__wrapper">
<div class="x-resp-embed x-is-video x-is-youtube"><iframe loading="lazy" title="Xollada ovelles Montaup" width="1384" height="779" src="https://www.youtube.com/embed/aj0i89o69g4?feature=oembed" frameborder="0" allow="accelerometer; autoplay; clipboard-write; encrypted-media; gyroscope; picture-in-picture; web-share" referrerpolicy="strict-origin-when-cross-origin" allowfullscreen></iframe></div>
</div></figure>



<figure class="wp-block-gallery has-nested-images columns-5 is-cropped wp-block-gallery-2 is-layout-flex wp-block-gallery-is-layout-flex">
<figure class="wp-block-image size-large"><img loading="lazy" decoding="async" width="2560" height="1707" data-id="263" src="https://vital.ad/wp-content/uploads/2019/05/204-scaled.jpg" alt="llana ovella Andorra artesania" class="wp-image-263" title="llana ovella Andorra artesania"></figure>



<figure class="wp-block-image size-large"><img loading="lazy" decoding="async" width="2560" height="1764" data-id="267" src="https://vital.ad/wp-content/uploads/2019/05/53-scaled.jpg" alt="llana ovella Andorra artesania" class="wp-image-267" title="llana ovella Andorra artesania" srcset="https://vital.ad/wp-content/uploads/2019/05/53-scaled.jpg 2560w, https://vital.ad/wp-content/uploads/2019/05/53-scaled-600x413.jpg 600w" sizes="auto, (max-width: 2560px) 100vw, 2560px" /></figure>



<figure class="wp-block-image size-large"><img loading="lazy" decoding="async" width="2560" height="1707" data-id="275" src="https://vital.ad/wp-content/uploads/2019/05/103-1-scaled.jpg" alt="llana ovella Andorra artesania" class="wp-image-275" title="llana ovella Andorra artesania" srcset="https://vital.ad/wp-content/uploads/2019/05/103-1-scaled.jpg 2560w, https://vital.ad/wp-content/uploads/2019/05/103-1-scaled-600x400.jpg 600w" sizes="auto, (max-width: 2560px) 100vw, 2560px" /></figure>



<figure class="wp-block-image size-large"><img loading="lazy" decoding="async" width="828" height="620" data-id="7605" src="https://vital.ad/wp-content/uploads/2021/10/IMG_20211028_230116_440.jpg" alt="llana ovella Andorra artesania" class="wp-image-7605" title="llana ovella Andorra artesania" srcset="https://vital.ad/wp-content/uploads/2021/10/IMG_20211028_230116_440.jpg 828w, https://vital.ad/wp-content/uploads/2021/10/IMG_20211028_230116_440-300x225.jpg 300w, https://vital.ad/wp-content/uploads/2021/10/IMG_20211028_230116_440-768x575.jpg 768w, https://vital.ad/wp-content/uploads/2021/10/IMG_20211028_230116_440-16x12.jpg 16w, https://vital.ad/wp-content/uploads/2021/10/IMG_20211028_230116_440-100x75.jpg 100w, https://vital.ad/wp-content/uploads/2021/10/IMG_20211028_230116_440-600x449.jpg 600w" sizes="auto, (max-width: 828px) 100vw, 828px" /></figure>



<figure class="wp-block-image size-large"><img loading="lazy" decoding="async" width="828" height="620" data-id="7606" src="https://vital.ad/wp-content/uploads/2021/10/IMG_20211028_230148_153.jpg" alt="llana ovella Andorra artesania" class="wp-image-7606" title="llana ovella Andorra artesania" srcset="https://vital.ad/wp-content/uploads/2021/10/IMG_20211028_230148_153.jpg 828w, https://vital.ad/wp-content/uploads/2021/10/IMG_20211028_230148_153-300x225.jpg 300w, https://vital.ad/wp-content/uploads/2021/10/IMG_20211028_230148_153-768x575.jpg 768w, https://vital.ad/wp-content/uploads/2021/10/IMG_20211028_230148_153-16x12.jpg 16w, https://vital.ad/wp-content/uploads/2021/10/IMG_20211028_230148_153-100x75.jpg 100w, https://vital.ad/wp-content/uploads/2021/10/IMG_20211028_230148_153-600x449.jpg 600w" sizes="auto, (max-width: 828px) 100vw, 828px" /></figure>
</figure>



<h2 class="wp-block-heading">La llana d’ovella andorrana</h2>



<p>Segons el registre el departament d’agricultura del Govern d’Andorra (font: www.agricultura.ad) el 2024 hi ha a Andorra 2618 ovelles registrades amb una tendència històrica a la baixa, des dels més de 5000 caps de bestiar oví que hi havia a principis dels anys 90. Les ajudes econòmiques de Govern per a les ovelles no diferencien per raça, com en el cas de la raça de vaca bruna, per aquest motiu no tenim dades de raça globals. La llana de totes aquestes ovelles suposa aproximadament unes 8 tones de residus anuals. A causa de la selecció de ramats i de races que fem n’aprofitem actualment una quarta part.</p>



<p>A Andorra tenim una raça tradicional d’ovella que composa la major part del padral d’ovelles: la Barbarina. També s’han introduït i barrejat en alguns ramats d’ovella d’Andorra, l’ovella xisqueta, la suffolk i la tarasconesa principalment.</p>



<p>Les ovelles a Andorra estan orientades a la producció de carn i al manteniment de finques per netejar prats i a la millora dels prats de dall en algunes zones. La llana de totes aquestes ovelles suposa aproximadament unes 8 tones de residus anuals.</p>



<p>Els ramats d’ovelles també juguen un paper clau per a la conservació de la biodiversitat en espais naturals com als Parcs naturals i a la Vall de del Madriu. Les ovelles milloren amb la seva presència la gestió forestal i la biodiversitat. Fins i tot l’empresa d’enginyeria Silvagrina, ha utilitzat les ovelles per refer el terreny de Claror dels estralls dels aiguats que van fer baixar molta argila des de Claror fins a les captacions d’Aigua d’Escaldes. Es tracta d’una nova tecnologia de mitigació dels impactes de les inundacions. Per tant, les ovelles tenen un paper molt important per al manteniment del paisatge d’Andorra.</p>



<h3 class="wp-block-heading">Caracterització de la llana d’ovella andorrana</h3>



<p>La llana de la barbarina és una fibra entrefina d’entre 25 i 30 micres. És la llana que seleccionem. És una llana que s’enfeltra bé, el que ens permet donar un millor acabat al teixits i té una bona resistència i una bona elasticitat i torsió. Podem fer mantes, cortines, capes i ponxos. Amb aquesta llana no podem fer productes que toquen directament la pell com Jerseis, barrets o bufandes per què al ser llanes més gruixudes, piquen a la pell. Per a fer aquests productes necessitaríem llanes més fines, com la Merino, que no existeixen al Principat. La llana de la suffolk és llarga i entrefina també. Té més longitud i una finor similar a la llana barbarina. La podem utilitzar barrejada amb la barbarina i ens millora la resistència i finor del fil.</p>



<p>Nosaltres també revisem el benestar animal, la alimentació i el tracte general dels ramats. En el cas que veiem un ramat amb estrès i poc alimentat no agafem la llana per què això es reflecteix amb una llana més trencadissa i irregular.</p>



<p></p>

<p>Col·laborem amb una trentena de famílies andorranes i de l&#8217;Alt Urgell que fan l&#8217;esforç de preservar un petit ramat d&#8217;ovelles Barbarina. L&#8217;ovella Barbarina és la &#8220;Rouge du Roussillon. Aquesta és una raça tradicional a Andorra des del segle XIX. Només utilitzem i seleccionem ovelles d&#8217;aquesta raça. La llana d’ovella andorrana Segons el registre el departament d’agricultura del Govern d’Andorra (font: &#8230;</p>
